**2 + 3*w + 7. Let m(r) = 20*r**2 + 9*r + 20. Let n(p) = -17*p**3 + p + 1. Let x be n(-1). Let o(b) = x*v(b) - 6*m(b). Calculate o(-4).
-5
Let t = 13 + -5. Let p = t - 5. Let x(v) = v**3 + 0*v - 2*v**p - 1 + v. Give x(0).
-1
Let m(k) be the second derivative of -k**5/20 - 5*k**4/12 - k**3 - 3*k**2 - 8*k. What is m(-4)?
2
Suppose 0 = -3*q - 2*a + a + 11, -11 = -q - 4*a. Let n(u) = -q*u**3 - 3*u**2 + 6 + 3*u**3 - u**3 + 4*u. Suppose 0 + 12 = -3*f. Calculate n(f).
6
Let v(h) = 7*h**2 + 5. Let d(a) = -4*a**2 - 3. Let k(c) = 5*d(c) + 3*v(c). Calculate k(0).
0
Suppose 0 = 5*y + 4*w + 30, 5*w = 2*w. Let u(j) = -j**3 - 6*j**2. What is u(y)?
0
Let q = -2 - 2. Let l(z) be the first derivative of -z**4/12 - 5*z**3/6 - z**2 + 3. Let p(f) be the second derivative of l(f). Determine p(q).
3
Let c(a) = -a**2 - 7*a + 18. Let x be c(-13). Let d = -36 - x. Let k(t) = -t + 3*t - d + 21. Give k(4).
5
Let u(q) = -q**3 + 4*q**2 + 5*q - 7. Let d be (-48)/(-56)*(-28)/(-6). Suppose 2*m + 3*b = 16, 7 + 5 = d*m - 4*b. What is u(m)?
-7
Let j(a) = 0*a + a - 5 + 0*a. Determine j(-7).
-12
Suppose -3*f - 15 = 0, -2*f + 41 = 4*u + 15. Suppose -6*g = -3*g + u. Let x(r) = -4*r - 1. What is x(g)?
11
Let v(f) = -f - 4*f - 3*f + 7*f + 1. Determine v(4).
-3
Let l(c) = 9*c**2 - c - 1. Let m be l(1). Let h(v) = 4 + 6*v - 15*v + m*v. What is h(6)?
-8
Suppose 3*o + 6 + 7 = 4*a, 0 = -a + o + 4. Let x(q) = q - 1 - a + 0*q - 3. Calculate x(3).
-2
Suppose 0*r + 5*r = 0. Let n = 14 + -12. Let g(u) = -u + r - 4 + u + n*u. Determine g(5).
6
Suppose 0 = 3*v + j - 8, -2*v - 4*j - 8 = -0. Suppose -2*l - 2*p = -l - 21, 0 = -v*l + 2*p + 54. Suppose -6*c + c + l = 0. Let x(n) = n**2 - 4*n. What is x(c)?
-3
Let b(u) = -u**3 - 3*u**2 + 2*u - 4. Let g be (-40)/(-18) - 10/45. Let c be (g - (-9)/(-2))*-2. Suppose 2*r - 4*f = -f - c, 20 = -4*r - 4*f. Determine b(r).
4
Let t = 25 + -30. Let m(n) = -n**3 - 6*n**2 - 5*n + 7. Give m(t).
7
Let r(v) = -v**3 - 2*v**2 - 3*v - 2. Let q(a) = -2*a + 4. Let n be (-13)/(-4) + 1/(-4). Let i be q(n). What is r(i)?
4
Let h be 8/28 + 95/35. Let p(i) = i**3 - 4*i**2 + 4*i - 3. Calculate p(h).
0
Let v(o) be the third derivative of o**5/60 + o**4/12 - 2*o**3/3 + 10*o**2. Calculate v(-5).
11
Let i(j) = -j - 11. Let f be i(-5). Let b(h) be the third derivative of h**4/12 + 5*h**3/6 + 17*h**2 + h. Determine b(f).
-7
Let i(z) be the third derivative of -z**6/120 + z**5/10 + z**4/12 - z**3/6 + 3*z**2 + 1. Determine i(6).
11
Let q(g) = 9*g**2 - 7. Let a(y) = 4*y**2 + y - 3. Let s(l) = -7*a(l) + 3*q(l). Give s(-6).
6
Let a(b) = b**2 - 2*b. Let k(s) = -s**2 + 6*s + 2. Suppose 0 = 4*t + t - 25. Let n be k(t). Suppose 2*h - i = 1, 29 - n = 5*h + 4*i. Calculate a(h).
0
Let k(s) = 1 - 2 + s - 2*s - 1. Determine k(-6).
4
Let t(d) = -d**3 - 5*d**2 + 4*d + 1. Let k(a) = -a**2 + 2*a + 18. Let j be k(6). What is t(j)?
13
Let s(b) = b - 7. Suppose -4*r = -4*y, -4*r = 2*y + r - 21. Suppose -y*m + 2*u = -3*u + 13, 3*u = m + 11. What is s(m)?
-3
Let x(f) = -3*f - 2. Let g be -3*(-4 + (-4)/(-3)). Suppose -80 = -5*v + 5*c - 30, -3*c - 15 = 0. Suppose v - g = t. What is x(t)?
7
Suppose -7 = 5*b - 32. Suppose b*f - 4*f = 0. Suppose -5*o + o = f. Let x(k) = -k**3 - k**2 + k - 2. What is x(o)?
-2
Let q be -2*6/3 - 1. Let l(r) = -r**2 - 6*r + 3. What is l(q)?
8
Let m(h) = -3*h**3. Let u = -12 - -8. Let z be (-30)/u*4/(-3). Let r be (-8)/20 - 14/z. Calculate m(r).
-3
Let l = 9 - 21. Let v be l/10*10/(-4). Let c be (-2)/4*(5 - v). Let p(q) = 6*q**3 + 2*q**2 + 2*q + 1. Give p(c).
-5
Let m(b) = -b**3 - 6*b**2 - 5*b - 2. Let f be (4/6)/(4/18). Suppose 4*i = -4*s - 24, f*s - i + 2 = -12. Calculate m(s).
-2
Let w(n) be the first derivative of -3*n**2/2 + 2*n + 1. Let m be (-4)/6 + (-8)/(-3). Suppose j - g - 2 + 1 = 0, -3*j - m*g + 8 = 0. What is w(j)?
-4
Let l(w) = -w**2 + 10*w - 1. Let c(q) = -q - 1. Let a(n) = -4*c(n) - l(n). Suppose 6*g - 17 = 13. Determine a(g).
0
Let u = -3 + 7. Let t be (4/(-6))/(u/(-18)). Suppose t*q = 2*l + 3*l + 3, -l - 4*q - 19 = 0. Let w(p) = p. Give w(l).
-3
Suppose -13 = -5*f + 3*x, -4*x = 4*f + 1 - 5. Let v(o) = -6 + 2*o + 4 - f. What is v(3)?
2
Suppose -5*v + 8 + 12 = 0. Suppose v*p - 11 = 21. Let g(l) = -l**2 + 8*l - 6. Determine g(p).
-6
Let z(a) = -a - a + 4 + a. Let n be 3/(2/(-1) - -3). Let x = 2 + n. Give z(x).
-1
Let a(c) be the third derivative of -c**4/24 - c**3/3 + 56*c**2. What is a(6)?
-8
Suppose 5*b + 41 = -24. Let h = -9 - b. Let s(u) = -u + 2. Determine s(h).
-2
Let i(o) = 5*o + o**2 + 0*o - o - 5. Give i(-6).
7
Let h(l) = l - 2. Suppose 3*y = -2*y + 25. Give h(y).
3
Let k(t) = t**2 - t - 2. Suppose 9 + 6 = -5*w. Let g be w/(-2) - (-2)/4. Suppose g*u = -0*u - 4. Determine k(u).
4
Let x(v) = -v**2 + 8*v - 6. Suppose -25 = -z - 4*z. What is x(z)?
9
Let k = 20 + -18. Let c(j) = j - 1 - j**k + 2*j**3 - 3*j**3 + 2 - 3*j**2. What is c(-4)?
-3
Suppose -c = -3*i + 22, -2*c + 11 + 1 = i. Let a(n) = -2 - n + 4 + i. What is a(0)?
10
Let v(l) = 3*l**2 - l - 1. Let k be 36/(-60) + 156/10. Let r be ((-8)/6)/((-10)/k). Determine v(r).
9
Let n(h) = 3*h. Let z(p) = p. Let s(t) = 2*n(t) - 7*z(t). What is s(6)?
-6
Let i(t) = 19*t - 49*t + t**2 + 10*t + 7 + 15*t. Determine i(5).
7
Let x(h) be the first derivative of h**4/2 + h**3/3 - h**2/2 + 6. What is x(2)?
18
Let q(z) = -3*z - 10. Let v = -97 + 90. Give q(v).
11
Let c = 10 - 8. Let q(i) = 5*i**2 + c*i**2 + 4 + 2*i - 5. Calculate q(1).
8
Let k(n) = -7*n**3 + 2*n - 1. Let m(d) = -d**2 - 10*d + 12. Let v be m(-11). Let c be k(v). Let w(a) = a**2 + 6*a - 6. Calculate w(c).
-6
Suppose -7*f + 3*f = -68. Suppose 5*b + 10 = -3*x - 24, b + 4*x = -f. Let c(j) = -j. What is c(b)?
5
Suppose 2*r = 5*g + 16, 0*g + 3*g + 4*r - 6 = 0. Let m(i) be the second derivative of -i**5/10 - i**4/12 + i**3/3 + 60*i - 2. Determine m(g).
8
Let v(u) be the second derivative of -u**3/6 + 7*u**2/2 - 26*u + 1. Calculate v(3).
4
Let m(a) = -2*a**3 - a**2 + 5*a - 9. Let q(t) = -3*t**3 + 6*t - 10. Let p(h) = -4*m(h) + 3*q(h). What is p(4)?
-2
Let o(x) be the first derivative of -x**2/2 - 7. What is o(-6)?
6
Let r(i) = -2*i**3 - 2*i**2 + 2*i + 3. Let c(f) = f**3 - 2 - 5*f**3 + 3*f**3 + f**2 + 4*f**3 - 3*f. Let h(q) = -3*c(q) - 4*r(q). Determine h(5).
-1
Let y be 12/(-2)*(-6)/(-9). Let v be y/3*9/6. Let d(b) = b. Give d(v).
-2
Let s(b) = 15*b**2 + b + 1. Let z = 92 + -93. Determine s(z).
15
Suppose 0 = -5*f + 76 - 91. Let w(n) = n - 3 + 3*n**2 - n + n + n**3. Determine w(f).
-6
Let d(u) = -u**2 + 5*u + 7. Suppose k - 13 = -7. Determine d(k).
1
Let j(n) = 1 + 6*n + 0*n + 0. Determine j(-1).
-5
Suppose -2 = 2*d - w + 6*w, 2*w = -2*d + 4. Let q(j) = j**3 + 2 + d*j**2 + 6*j + 4 + 2*j**2. Suppose -2*l = -2*o + 2, 2*l - o = -2*l - 16. Give q(l).
1
Suppose 0 = 2*b - 5*n - 15, -2*n = 3*b - b + 6. Let p(v) = v**3 - v - v**2 - v**2 - 2 + 2*v + b*v**3. What is p(3)?
10
Let i(g) = -9*g**3 - 2*g**2 - 3*g - 2. Let a be i(-1). Let v(q) = q**2 - 8*q + 1. Give v(a).
1
Suppose -8 = 3*x + 4*w, 3*w + 4 = -5*x - 2. Suppose -10 = p - 4*z, x = -5*z + 20 - 5. Let m(u) = 2*u + 2*u - p*u. What is m(-2)?
-4
Let p = 1 - -3. Suppose -p*m + 8 = 2*w - 10, 0 = -m - 3*w + 12. Let t(c) = 0 + 3*c - 5*c + 2. Determine t(m).
-4
Suppose 0 = 10*r - 2 - 28. Let d(u) = u**2 - 2*u + 1. Determine d(r).
4
Let h(k) = -k**3 - 2*k**2 - k. Let j be -3*(1 - (-21)/(-9)). Suppose 11 = 5*d - 9. Suppose -2*o + 5*n - 12 = 0, d*o + 3*n - j = -2. Determine h(o).
0
Let z(w) be the third derivative of -8*w**2 + 0 + 0*w + 1/3*w**3 + 1/4*w**4 - 1/60*w**5. What is z(6)?
2
Let j(t) be the first derivative of -t**2 - 8*t + 2. Give j(-7).
6
Let p(w) = -w - 9. Let s be p(-11). Let o(d) be the third derivative of d**6/120 - d**5/20 + d**4/12 + d**3/6 + d**2. Determine o(s).
1
Let w(x) be the second derivative of x**5/20 - 3*x**4/4 - 3*x**3/2 - 3*x**2/2 + 17*x. Give w(10).
7
Suppose 5*t + 0*c + 2*c - 25 = 0, 0 = -5*t + 3*c. Let m(d) be the third derivative of -d**4/24 + d**3/3 - 10*d**2. What is m(t)?
-1
Let h(m) = -m**2 + 5*m + 6. Let d(j) = j**2 + 4*j + 6. Let g(s) = -s**3 - 2*s**2 + 4*s - 1. Let u be g(-3). Let b be d(u). Determine h(b).
0
Let b(c) = c**3 - 6*c**2 - 7*c + 8. Let x = -67 - -74. Give b(x).
8
Suppose 2 = -b + 2*y, -2*b = -0*b - y + 19. Suppose 0 = -5*x - 0*x - 5, -i - x = -5. Let r = b + i. Let h(c) = c**2 + 